lculate the greatest common factor of m and 9.
9
Suppose 6*k + 4 = 10*k. Let w be (-5)/(10/(-124)) - k. Let q = 19 + w. What is the greatest common factor of 20 and q?
20
Let w be 12960/35*(22400/(-48))/(-25). What is the greatest common factor of w and 960?
192
Let f = 421 + -489. Let n be (-4 + 7 - f) + -2. What is the highest common divisor of 184 and n?
23
Suppose -5*p - 673 = -5*l - p, 4*l - p - 545 = 0. What is the highest common divisor of 274 and l?
137
Let l = 4 - -1. Suppose -11 + 46 = -l*x. Let o = x + 98. What is the highest common factor of o and 26?
13
Let p(f) = f**2 - 9*f + 6. Let a be p(8). Let t = 6 - a. Suppose -25*g + 191 = -1609. What is the greatest common factor of t and g?
8
Let r be (964/(-8) - -2)/(1/(-2)). Let n = -230 + r. Calculate the greatest common divisor of 161 and n.
7
Suppose 38*o = -43*o + 53*o + 308. What is the highest common factor of 11770 and o?
11
Let m = 4011 - 3984. Calculate the highest common factor of m and 243.
27
Let k = 196 - 267. Let s = 79 + k. What is the greatest common factor of 128 and s?
8
Let m = 153 - 149. Let k be (11 + (-47)/m)/(2/(-96)). Calculate the highest common factor of 36 and k.
36
Let j = 10989 - 10953. What is the greatest common factor of 4884 and j?
12
Let a be 60*276/28*252/144. Calculate the highest common factor of 6003 and a.
207
Suppose -11*u + 9*u + 26894 = 5*u. Calculate the greatest common factor of u and 136.
34
Suppose -1 = 2*c - 4*f - 19, 2*c - 2*f = 8. Let m(o) = -68*o + 2. Let t be m(c). Let h = t - 61. Calculate the greatest common divisor of 27 and h.
9
Suppose -2607 - 423 = -5*l. Let c be l/18 + (3 - (-44)/(-12)). Calculate the greatest common factor of c and 253.
11
Let w = -1254 + 2614. Calculate the greatest common divisor of 34 and w.
34
Let j = 771 + -744. What is the highest common divisor of 621 and j?
27
Suppose 5*s - 432 = 2*s. Suppose -129 + 113 = -p. Calculate the highest common divisor of p and s.
16
Let y = 58 + 24. Let j(q) = 25*q**3 - 11*q**2 + 62*q - 116. Let t be j(2). Calculate the greatest common divisor of y and t.
82
Let u = 6 + -6. Suppose -2*r + 105 - 35 = u. What is the greatest common factor of 77 and r?
7
Let s(f) = 3*f**2 - 9*f + 58. Let l(n) = n**2 + 25*n + 9. Let c be l(-25). Let m be s(c). Calculate the highest common divisor of 20 and m.
20
Suppose -7*i = -291 - 1144. Suppose -h = -2*p - 16 + 101, 5*h = -4*p + i. Calculate the greatest common divisor of 20 and p.
5
Let w = 672 - 621. Calculate the highest common factor of w and 33.
3
Let k = 7 + -5. Suppose -3*j = -2*o + 95, 5*j = 32*o - 35*o + 209. Calculate the highest common divisor of k and o.
2
Suppose 478*j = 547*j - 22425. Calculate the highest common factor of 600 and j.
25
Suppose 31*x = 27*x + 12. Suppose 4*b - 148 = -x*s, -2*s - 3*b + 144 = s. Suppose 3*j = 1 + 11, -5*j + 9 = -u. Calculate the highest common factor of s and u.
11
Suppose -35 = 6*f + 13. Let g be f/((1*3)/(33/(-22))). Suppose g*k + k = 15, 150 = i - 4*k. Calculate the greatest common divisor of 54 and i.
54
Let z(x) = 9*x**2 + 34*x - 106. Let u be z(3). What is the greatest common divisor of 4642 and u?
11
Let n be ((-459)/1)/((-48)/128). Suppose 0 = -13*y + y + n. What is the greatest common divisor of y and 51?
51
Suppose 49 = m + u, 2*m + 180*u - 175*u = 113. Calculate the highest common divisor of 12452 and m.
44
Let z(s) = 44*s**2 - 4*s - 4. Let l be z(-2). Let y = 92 + -63. Let d(j) = -j**2 + 31*j - 38. Let w be d(y). What is the greatest common factor of w and l?
20
Let h = -41 - -129. Suppose 3*r = -5*r + 958 + 802. What is the highest common factor of r and h?
44
Suppose -v = -5*j + 33 - 7, 4*j = -5*v - 130. Let m = 143 + v. What is the highest common factor of 18 and m?
9
Let m = -6133 - -6193. Calculate the highest common factor of 2748 and m.
12
Suppose -52*k = 71*k + 32*k - 1085. Calculate the greatest common divisor of 47 and k.
1
Let u = 2054 - 2024. Calculate the greatest common divisor of 594 and u.
6
Suppose 25 = 12*w - 7*w. Suppose 10*n = w*n - 35. Let z be 2/(-4)*(-21 + n). What is the highest common divisor of 112 and z?
14
Suppose 0 = 192*d - 172*d - 466560. What is the greatest common divisor of d and 96?
96
Let x be 1*-18*(114/(-4) - (-36 - -39)). What is the highest common divisor of 153 and x?
9
Suppose 105961 + 23539 = 70*k. What is the greatest common divisor of 37 and k?
37
Let h be 1*(-6)/(-4)*(-68)/(-51). Suppose -196 = 4*c - 3*f, -6*c - 4*f - 224 = -h*c. Let w = c - -67. What is the highest common divisor of w and 75?
15
Suppose 0 = 5*q - 1189 - 1. Let n = q + -166. Suppose -6*a + 8*a - n = 0. What is the highest common factor of 4 and a?
4
Suppose 910*t - 906*t - 28892 = 0. Calculate the highest common factor of 31 and t.
31
Let u(d) = -d**3 + 27*d**2 + 4*d - 118. Let o be u(25). What is the greatest common divisor of 224 and o?
112
Suppose 0 = -4*q + 5*k - 1887, 3*q - 2*q = -3*k - 493. Let c = q + 518. Calculate the highest common divisor of 360 and c.
40
Let o = 22075 - 21827. Let n(c) = -48*c - 3. Let b be n(-2). What is the highest common divisor of o and b?
31
Let c = -11062 + 11085. Calculate the greatest common divisor of c and 2369.
23
Let x be (2 + -4 + 1)/(24/(-48)). Suppose -4*q + 0*q = 20, 42 = 4*g + x*q. Calculate the greatest common divisor of 104 and g.
13
Suppose v = -3*v + 312. Let n = -163 - -175. Calculate the highest common factor of n and v.
6
Let y(l) = -l**3 - 9*l**2 + l - 100. Let w be y(-12). What is the greatest common divisor of 360 and w?
40
Suppose -22*t - t = -46. Suppose -4*i = -t*h - 2138, -i + 4*h = 3*i - 2148. Calculate the greatest common divisor of i and 19.
19
Let v = -6993 - -7015. What is the highest common factor of v and 649?
11
Suppose 48*u - 48 = 46*u. Suppose 10*j + 14 = u. What is the greatest common factor of j and 47?
1
Let l(f) = -f**3 - 2*f**2 + f + 9. Let i be l(0). Suppose 225 = 3*c - 5*h, 0 = 5*h - i*h. Calculate the highest common divisor of c and 30.
15
Let t be (-8)/(-10) - (-2929)/145. Suppose -4*z - 5*j + 41 = 0, 2*z - 4*z - 3*j + 19 = 0. What is the greatest common factor of z and t?
7
Suppose 11*o + 135 = 8*o. Let k be ((-32)/12)/(2/o*3). Calculate the greatest common divisor of 2 and k.
2
Let i be 1/((-25)/(-10)*(-3)/(-15)). Let k = -95 - -97. What is the greatest common divisor of i and k?
2
Suppose 0 = 4*w + 2*k - 137 - 45, 2*k - 86 = -2*w. What is the greatest common factor of w and 2832?
48
Let n = 72 - 38. Suppose d - u - 75 = -d, -d + n = -4*u. Suppose 2*w - h - 385 = 0, 12*w + 4*h = 7*w + 930. Calculate the greatest common divisor of w and d.
38
Suppose -568*o = -556*o - 2304. What is the highest common factor of 64 and o?
64
Let r(s) = 82*s**3 + 29*s - 68. Let j be r(2). Calculate the highest common factor of j and 608.
38
Let g(v) = -v**3 - 13*v**2 + 12*v - 23. Let o be g(-14). Suppose -6*t - k = -9*t + 91, o*t - 154 = 4*k. Calculate the highest common factor of 3 and t.
3
Let i be 124/16 + 66/(-88) + 33577. Calculate the greatest common divisor of 16 and i.
16
Suppose 15*v - 2*v = -29*v + 840. Let j = -2 - -4. Suppose j*s - 196 + 56 = 0. Calculate the greatest common factor of v and s.
10
Suppose 0 = 5*u + 18224 - 47959. Calculate the greatest common factor of 38 and u.
19
Suppose -2*k - k + 120 = 0. Let a = k - 54. Let o be (-32)/1*119/a. What is the greatest common divisor of o and 34?
34
Suppose 0 = -3*b - 0*b - 18. Let r be 23/7 + b/21. Suppose 4*q - 46 = -q + y, -2*y = 3*q - 25. Calculate the greatest common divisor of r and q.
3
Suppose -2*w + 4*v = -1186, -5*v - 2985 = -5*w - 0*w. What is the highest common factor of w and 3?
1
Let g be (-505)/(-20) - -3 - 6/(-8). Suppose -31*f = -g*f - 80. What is the greatest common divisor of f and 10?
10
Let v = -358 + 529. Let k = 46 + -66. Let p be 2/(-5) - 388/k. What is the greatest common divisor of p and v?
19
Let c = -16 - -50. Let i(h) = h**3 + 22*h**2 + 10*h - 37. Let m be i(-14). Suppose 31*b - m = 190. What is the highest common factor of c and b?
17
Let v be 85/(-68) + (-537)/(-4). Suppose v = -13*y + 20*y. Let d be 38/2 + 2 - 2. Calculate the highest common factor of d and y.
19
Let t = 3934 - 3906. Calculate the highest common divisor of t and 1491.
7
Let f(r) = -9*r - 114. Let m be f(-14). Suppose 4*w - m = 0, 0 = 4*d - w - 40 - 85. 